remainder when 184454 is divided by 92193?
68
Calculate the remainder when 4130 is divided by 1376.
2
Calculate the remainder when 12705 is divided by 33.
0
Calculate the remainder when 324795 is divided by 50.
45
What is the remainder when 87750 is divided by 34?
30
Calculate the remainder when 7380 is divided by 947.
751
Calculate the remainder when 3294 is divided by 532.
102
Calculate the remainder when 21793 is divided by 46.
35
Calculate the remainder when 246591 is divided by 94.
29
Calculate the remainder when 966 is divided by 199.
170
Calculate the remainder when 493743 is divided by 70533.
12
Calculate the remainder when 14963 is divided by 7481.
1
What is the remainder when 1556 is divided by 148?
76
What is the remainder when 560512 is divided by 52?
4
Calculate the remainder when 16048 is divided by 93.
52
Calculate the remainder when 1811 is divided by 115.
86
What is the remainder when 3052 is divided by 159?
31
Calculate the remainder when 3014 is divided by 2696.
318
What is the remainder when 5579 is divided by 254?
245
Calculate the remainder when 287551 is divided by 94.
5
What is the remainder when 199024 is divided by 29?
26
What is the remainder when 2934 is divided by 640?
374
Calculate the remainder when 34234 is divided by 199.
6
What is the remainder when 9912 is divided by 689?
266
Calculate the remainder when 9279 is divided by 12.
3
What is the remainder when 180799 is divided by 25?
24
What is the remainder when 108457 is divided by 4170?
37
What is the remainder when 338551 is divided by 595?
591
What is the remainder when 2535 is divided by 114?
27
What is the remainder when 1940 is divided by 646?
2
What is the remainder when 7045 is divided by 23?
7
Calculate the remainder when 26634 is divided by 13312.
10
Calculate the remainder when 54369 is divided by 21.
0
What is the remainder when 2753 is divided by 153?
152
What is the remainder when 32001 is divided by 844?
773
What is the remainder when 5685942 is divided by 22?
20
What is the remainder when 41635 is divided by 218?
215
Calculate the remainder when 689039 is divided by 290.
289
Calculate the remainder when 34257 is divided by 11419.
0
What is the remainder when 93918 is divided by 324?
282
What is the remainder when 54734 is divided by 25?
9
Calculate the remainder when 9063 is divided by 3913.
1237
Calculate the remainder when 5828 is divided by 724.
36
What is the remainder when 14175 is divided by 225?
0
What is the remainder when 3283 is divided by 497?
301
What is the remainder when 67144 is divided by 13?
12
What is the remainder when 669190 is divided by 19682?
2
What is the remainder when 490 is divided by 40?
10
What is the remainder when 1062 is divided by 124?
70
Calculate the remainder when 5471 is divided by 565.
386
Calculate the remainder when 7410 is divided by 7354.
56
Calculate the remainder when 3534 is divided by 1186.
1162
Calculate the remainder when 20291 is divided by 339.
290
What is the remainder when 110592 is divided by 73?
70
What is the remainder when 4264 is divided by 3478?
786
Calculate the remainder when 153980 is divided by 42.
8
What is the remainder when 22267 is divided by 47?
36
What is the remainder when 9059 is divided by 4269?
521
Calculate the remainder when 482980 is divided by 160993.
1
What is the remainder when 90510 is divided by 11313?
6
Calculate the remainder when 20905 is divided by 10450.
5
Calculate the remainder when 456195 is divided by 95.
5
Calculate the remainder when 20606 is divided by 5132.
78
Calculate the remainder when 342605 is divided by 921.
914
What is the remainder when 414 is divided by 125?
39
Calculate the remainder when 223753 is divided by 338.
335
What is the remainder when 3475 is divided by 139?
0
What is the remainder when 8833 is divided by 158?
143
What is the remainder when 440954 is divided by 561?
8
What is the remainder when 111615 is divided by 37196?
27
What is the remainder when 62699 is divided by 51?
20
What is the remainder when 1369 is divided by 47?
6
Calculate the remainder when 132297 is divided by 196.
193
Calculate the remainder when 86812 is divided by 775.
12
Calculate the remainder when 5288 is divided by 279.
266
What is the remainder when 10355 is divided by 647?
3
What is the remainder when 4119 is divided by 516?
507
Calculate the remainder when 1154599 is divided by 7.
5
Calculate the remainder when 673059 is divided by 730.
729
What is the remainder when 5552 is divided by 87?
71
What is the remainder when 33718 is divided by 11192?
142
Calculate the remainder when 952 is divided by 233.
20
Calculate the remainder when 4183016 is divided by 203.
201
Calculate the remainder when 5008 is divided by 227.
14
Calculate the remainder when 3904 is divided by 1298.
10
Calculate the remainder when 58246 is divided by 51.
4
What is the remainder when 12991 is divided by 203?
202
Calculate the remainder when 488638 is divided by 418.
414
What is the remainder when 2239 is divided by 239?
88
Calculate the remainder when 15541 is divided by 74.
1
Calculate the remainder when 24339 is divided by 50.
39
Calculate the remainder when 116316 is divided by 1225.
1166
What is the remainder when 388 is divided by 49?
45
What is the remainder when 144494 is divided by 13?
12
Calculate the remainder when 277464 is divided by 76.
64
Calculate the remainder when 1839 is divided by 83.
13
Calculate the remainder when 89563 is divided by 2239.
3
Calculate the remainder when 436708 is divided by 436700.
8
Calculate the remainder when 17797 is divided by 22.
21
What is the remainder when 2748 is divided by 9?
3
Calculate the remainder when 208877 is divided by 9.
5
What is the remainder when 11507 is divided by 11500?
7
What is the remainder when 4282 is divided by 25?
7
Calculate the remainder when 920508 is divided by 927.
924
What is the remainder when 14548 is divided by 7269?
10
Calculate the remainder when 246032 is divided by 40.
32
Calculate the remainder when 22298 is divided by 8.
2
What is the remainder when 5397 is divided by 10?
7
Calculate the remainder when 1179913 is divided by 33.
31
Calculate the remainder when 11311 is divided by 1107.
241
Calculate the remainder when 1476934 is divided by 584.
582
What is the remainder when 4253 is divided by 187?
139
Calculate the remainder when 29743 is divided by 850.
843
What is the remainder when 3370 is divided by 2349?
1021
Calculate the remainder when 105877 is divided by 105870.
7
Calculate the remainder when 77331 is divided by 104.
59
Calculate the remainder when 16512 is divided by 186.
144
What is the remainder when 116310 is divided by 29068?
38
What is the remainder when 21937 is divided by 731?
7
What is the remainder when 87422 is divided by 25?
22
Calculate the remainder when 15771 is divided by 829.
20
What is the remainder when 1618835 is divided by 1878?
1877
What is the remainder when 1209 is divided by 548?
113
What is the remainder when 55122 is divided by 18372?
6
Calculate the remainder when 1310 is divided by 220.
210
What is the remainder when 6481 is divided by 160?
81
What is the remainder when 3512 is divided by 437?
16
Calculate the remainder when 40518 is divided by 231.
93
What is the remainder when 7647997 is divided by 125?
122
What is the remainder when 1112 is divided by 317?
161
Calculate the remainder when 185107 is divided by 601.
600
Calculate the remainder when 109172 is divided by 109169.
3
What is the remainder when 1091 is divided by 418?
255
Calculate the remainder when 168618 is divided by 69.
51
What is the remainder when 9427 is divided by 473?
440
Calculate the remainder when 5133 is divided by 272.
237
What is the remainder when 15190 is divided by 387?
97
What is the remainder when 161861 is divided by 318?
317
What is the remainder when 3961 is divided by 685?
536
Calculate the remainder when 5133 is divided by 79.
77
What is the remainder when 15124 is divided by 46?
36
What is the remainder when 2674 is divided by 26?
22
Calculate the remainder when 23358 is divided by 53.
38
Calculate the remainder when 1547004 is divided by 773501.
2
Calculate the remainder when 2469 is divided by 1203.
63
Calculate the remainder when 643805 is divided by 855.
845
What is th